 = 5 + 12. Suppose -5*s + 7 = 8*z - 4*z, 0 = -2*s - z + 1. Let n be ((-2)/1 - s)/(9/(-153)). Calculate the highest common factor of j and n.
17
Let v(z) = 3*z**2 - 4*z. Let c be v(5). Let u(r) = -24*r + 308. Let h be u(-23). Suppose -w = 849 - h. What is the highest common factor of c and w?
11
Suppose -l - 1497 = -5*l - 5*n, -5*n - 1114 = -3*l. Let j = l + -316. What is the highest common factor of 152 and j?
19
Let q = 30570 - 30526. What is the highest common factor of q and 492?
4
Let t = 2080 - -30534. What is the greatest common factor of 46 and t?
46
Suppose -4*c = -18*c + 70. Suppose -3*x = -5*f + 3, c*f + 5*x - 4 = 31. Calculate the greatest common divisor of 78 and f.
3
Let a be ((-1134)/(-252))/((-6)/(-368)). Calculate the greatest common factor of 660 and a.
12
Let z(r) = 49*r**2 + 2*r - 4. Let q be z(2). Let k be ((-4)/14)/(-1) + 7954/287. Calculate the greatest common divisor of q and k.
28
Suppose 0 = 267*n - 286*n + 228. What is the highest common factor of n and 192?
12
Suppose 3*t + 5*m = 5646, 5*t + 3*m = -4344 + 13722. What is the highest common divisor of 260 and t?
52
Let x(c) = 23*c**2 + 14*c + 12. Let y be x(-1). What is the highest common factor of y and 385?
7
Suppose 87*g - 91*g + 3895 = -4785. Calculate the highest common divisor of 7 and g.
7
Let f = -105 - -122. Let t = -2 + f. What is the greatest common factor of 555 and t?
15
Suppose 22*u = 216*u - 10088. Calculate the highest common factor of u and 7852.
52
Let p(c) = 22*c**2 - 41*c - 86. Let f be p(-2). Calculate the highest common divisor of 1500 and f.
12
Let g be ((-116)/87)/(1/(-9)). Calculate the greatest common divisor of g and 512.
4
Let f = -10429 - -12775. What is the highest common factor of 136 and f?
34
Let j = 12 - 4. Suppose -128 = -3*a - 0*v - v, -2*a - 2*v + 96 = 0. What is the greatest common divisor of a and j?
8
Suppose 0 = 6*l - 10*l - 196. Suppose -35 = 2*u + d, 3*u + 53 - 20 = 5*d. Let s = u - l. Calculate the highest common divisor of s and 3.
3
Let w(c) = 3*c**2 + 41*c + 50. Let b be w(-22). Let q = b - 448. What is the highest common divisor of 8 and q?
8
Let p(z) = 2*z**3 + 14*z**2 - 23*z - 154. Let u be p(-7). Suppose 7*m - 1204 = 3*m. What is the highest common factor of m and u?
7
Let z be (11/((-33)/(-18)))/(-2 + 1). Let i be (-295)/z + 57/(-342). What is the greatest common divisor of 7 and i?
7
Suppose -99216 = -75*s - 17*s - 14*s. What is the greatest common factor of 18 and s?
18
Let x be 14/(-77) + 4/22. Suppose x = 11*g - 6*g - 50. Let n = -200 + 240. Calculate the highest common divisor of g and n.
10
Let y(p) = 80*p + 616. Let x be y(-7). What is the highest common divisor of 648 and x?
8
Let r(o) = -o**2 - 11*o - 20. Let j be r(-6). Let c be 522/(9 + -3)*j/3. What is the highest common divisor of 10 and c?
10
Suppose -6*l + 3*l + 195 = 0. Let x = -9742 + 9747. What is the highest common divisor of x and l?
5
Let u = -412 + 402. Let c be -2 + 4 - 10/u - -4. What is the highest common divisor of 217 and c?
7
Let a(r) be the third derivative of -r**5/60 + 11*r**4/24 - 17*r**3/6 + 81*r**2. Let i be a(5). What is the greatest common factor of 26 and i?
13
Let a(q) be the second derivative of 2*q**3/3 - 8*q**2 - 6*q - 5. Let z be a(12). What is the highest common divisor of z and 4?
4
Suppose -t = 3*o - 205, -2*t + 121 = 3*o - 79. Calculate the highest common divisor of 126 and o.
14
Let z(s) = -3*s**3 - 38*s**2 + 26*s + 185. Let t be z(-13). Calculate the greatest common factor of t and 25728.
16
Let z(x) = -2*x**2 + 38*x + 42. Let h be z(20). Suppose h*d + 7 - 15 = 0, 88 = 3*t - 5*d. What is the highest common divisor of 252 and t?
36
Let g = 2207 - 1226. Calculate the highest common factor of 18 and g.
9
Let s = -20781 - -20953. Calculate the highest common factor of 68 and s.
4
Let k = 7 - 7. Suppose -5*o - q + 21 = -2*o, -3*o - 2*q = -24. Suppose 4*r + 4*g + 40 = o*r, 3*r + g - 32 = k. What is the greatest common divisor of 36 and r?
12
Suppose 2*x - 68 - 26 = 4*h, 2*x + 2*h - 76 = 0. Calculate the greatest common divisor of x and 369.
41
Suppose -3*c + 1252 = -c. Let n be c/6 + (-1)/3. Let o(g) = 2*g**2 - 150*g - 16187. Let t be o(-60). Calculate the greatest common divisor of n and t.
13
Let b = -18404 - -18449. What is the highest common divisor of b and 18945?
45
Let m(c) = 33*c**2 - 677*c + 2022. Let b be m(3). What is the highest common factor of 1176 and b?
24
Let y = 18 + -16. Let l(q) = 5*q - 6. Let b be l(y). Let g be -2*(0 + -42) - b. Calculate the greatest common factor of 10 and g.
10
Let m be ((-1)/3)/((-3)/45). Suppose m*z - 30 = -2*s, -19 - 12 = -2*z + 3*s. Suppose 418*y - 382*y = 720. Calculate the greatest common divisor of y and z.
4
Let w be 3852/27*3 - 5. What is the highest common divisor of 376 and w?
47
Suppose 4*o - 211 = 5*i, 0 = -10*i + 64 - 54. Calculate the greatest common divisor of o and 55782.
54
Let c = -36871 + 38789. What is the highest common divisor of 5480 and c?
274
Let j(b) = -b + 19. Let l = 22 + -12. Let i be j(l). Let g(r) = r**2 + 18*r - 199. Let z be g(8). What is the highest common divisor of i and z?
9
Let g(i) = -i**2 - 4*i + 16. Let b be g(-5). Let r be (498 - 3) + (-4 - (-7 + 3)). Suppose -2*j = -7*j + r. Calculate the greatest common divisor of b and j.
11
Let j(m) = m**3 + 6*m**2 - 55*m - 47. Let p be j(13). Calculate the highest common divisor of 31 and p.
31
Let x(r) = 15*r - 4. Let v be x(-2). Let l = v + 40. Suppose -l*h = -h - 770. Calculate the greatest common factor of h and 14.
14
Let a = 33 - 16. Suppose 0 = 43*d - 41*d - 2420. Suppose -27*x + 4882 = d. What is the greatest common factor of x and a?
17
Let t be 4 - 4 - (-1155)/5. Suppose -25 = -8*v + t. Calculate the highest common divisor of 2 and v.
2
Suppose -3393 = -4*z + r, 0*z - 5*z + 4245 = -2*r. Calculate the greatest common divisor of z and 462.
77
Let z(v) = v**2 + 2*v - 24. Suppose -4*t - 5 = -j + 2, -j - 5*t = -7. Let l be z(j). Calculate the greatest common divisor of 39 and l.
39
Suppose -1272 = -98*g + 158*g - 113*g. Suppose f = 5*u - 198 - 467, -4*u + 513 = 3*f. What is the highest common divisor of u and g?
12
Let n(r) = 13*r**2 + 85*r - 272. Let t be n(3). Calculate the greatest common divisor of 106 and t.
2
Let t = -60 + 79. Suppose 4*s = -m + 251, 2*m + 15*s = t*s + 490. Calculate the greatest common factor of 19 and m.
19
Let q = 224 + -220. Let c(f) = 74*f - 410. Let a be c(6). Calculate the highest common factor of q and a.
2
Let z be (-12 - -4)/(-2) - -4. Suppose -5*g = -5*y + y - 75, -3*g - y = -28. Let h = g - z. What is the highest common divisor of h and 21?
3
Let p = -137 - -217. Suppose 3*i + 13 = 310. Suppose -7*o + 125 = -i. What is the highest common divisor of o and p?
16
Let t(g) = 19*g + 7. Let b be t(-4). Let f = b + 413. Calculate the highest common factor of f and 43.
43
Let w(a) = -16*a**3 - 6*a**2 + 11*a - 12. Let c be w(3). Let y = c + 479. Calculate the highest common factor of y and 518.
14
Let f be ((-18)/(-5) + 3 + 0)*(-49 + 69). Calculate the highest common divisor of 7458 and f.
66
Let z be 377/(-39) - -12 - 506/(-3). Calculate the greatest common factor of 247 and z.
19
Suppose -455*n - 155121 + 1728319 = 1208*n. Let l be (2/(-1))/2 + 23. What is the greatest common factor of n and l?
22
Let h = -37 + 57. Let i be 15/h + 700/(-16). Let u = 82 + i. Calculate the greatest common factor of u and 156.
39
Let j(l) = -l**3 - 32*l**2 + 142*l + 28. Let a be j(-36). Calculate the highest common divisor of a and 36.
4
Let w = -15945 + 16143. What is the highest common factor of w and 5346?
198
Suppose -1084 = -4*j - 4*g, 120*j - 261 = 119*j + g. Calculate the greatest common divisor of 114 and j.
38
Let i be (-4376)/(-32) + 36/(-48). What is the highest common divisor of i and 8?
8
Suppose 2834 = 131*g - 2406. Calculate the highest common factor of 1310 and g.
10
Suppose 0 = 26*b - 38*b + 1008. Calculate the greatest common factor of 576 and b.
12
Let l(d) be the second derivative of 25*d**4/4 + 9*d**2/2 + 169*d. Let s be l(2). What is the greatest common factor of s and 412?
103
Let l(w) = -18*w**2 + 149*w - 7. Let j be l(8). Suppose -j = -24*c + 231. What is the greatest common divisor of 407 and c?
11
Let a be ((-1248)/(-728))/((-6)/(-238)). Let w(q) = q**3 + 20*q*